 -1079. Suppose 9*x = 2926 - n. What are the prime factors of x?
2, 7
Let n = 13911 + -7475. What are the prime factors of n?
2, 1609
Let n(w) = -w**2 - 9*w + 12. Let m = -91 - -76. Let l be n(m). What are the prime factors of ((-20)/1 - 1)*l/18?
7, 13
Let f(h) = -h**3 + 11*h**2 + 11*h + 16. Let t be f(12). Let k = -619 - -624. Suppose 2*x - 14 = -k*m + t*m, 5*m = -2*x + 54. List the prime factors of m.
2, 5
Suppose 4 = y, -r + 0*r - 14 = -4*y. What are the prime factors of (473 - -1) + -5 + r + 1?
2, 59
Suppose -2*g - 646 = -3*g. Suppose 0 = -x + 4*o + g, -5*x + 2*x + 3*o = -1893. What are the prime factors of x?
2, 313
Let a = -568 - -835. Let q = a - 68. What are the prime factors of q?
199
Suppose 194 = 19*r - 17*r. Let n = r + 353. List the prime factors of n.
2, 3, 5
Let a be ((-1)/(-3))/((-213)/(-72) - 3). List the prime factors of ((-185)/(-4))/((-2)/a).
5, 37
Let p be (-1242)/39 + (0 - (-4)/(-26)). Let c = p - -34. Suppose c*x = i - 2*i + 162, x - 765 = -5*i. What are the prime factors of i?
2, 19
What are the prime factors of ((-9)/9 - 14)*-420?
2, 3, 5, 7
Let v = -15002 + 61278. List the prime factors of v.
2, 23, 503
Let j(n) = -114*n**3 + 7*n**2 + 10*n + 10. What are the prime factors of j(-5)?
3, 5, 7, 137
Let u be (438 + -4)*(-3 - (-11)/2). Let a = u + -697. List the prime factors of a.
2, 97
Suppose 11*t = 102 - 58. Suppose 4*h + 5*y - 599 = 0, -2*h + t*y + 307 = -y. List the prime factors of h.
151
Let l(d) = 2*d**2 - 8*d - 20. Suppose -9*g = -12*g + 30. Let s be (-6)/g + (-480)/(-50). What are the prime factors of l(s)?
2, 5, 7
Let m = 32628 + -22540. List the prime factors of m.
2, 13, 97
Let q be -4 + 3 + 2 + 22. Let z be (2 - (4 - 1))*(58 + 1). Let w = q - z. List the prime factors of w.
2, 41
Let y be 114/(510/492 + -1). Suppose 4*g + 15*g - y = 0. What are the prime factors of g?
2, 41
Let d(n) = 531*n - 1144. List the prime factors of d(4).
2, 5, 7
Let u(g) = 23*g**2 - 9*g. Let j(p) = p**2 - 14*p + 15. Let o be j(13). Suppose 5*v - 20 - 20 = 5*b, o*b + 4 = -2*v. List the prime factors of u(v).
2, 3, 5
Suppose 36*q - 48*q = -3708. List the prime factors of q.
3, 103
Let b(o) = -o**3 - 14*o**2 - 3*o - 24. Let i be b(-14). Suppose -8*t + 16874 = i*t. List the prime factors of t.
11, 59
List the prime factors of 17 + 0 + -9 + 3026.
2, 37, 41
Let n be (-1 - -88)/((-4)/((-2144)/3)). Suppose -16*p + n = 13*p. List the prime factors of p.
2, 67
Suppose -1292 - 32840 = 106*l. Suppose -5 = -3*x - 17. What are the prime factors of -2 + l/x + (-27)/18?
7, 11
Suppose 2*p + 63 = 5*k, -2*k + 5*p - 6 = -27. Let i(d) = d**3 - 12*d**2 - 4*d - 37. List the prime factors of i(k).
2, 5
Let m(k) = 21*k - 207. Let t(q) = -5*q + 119. Let w be t(20). What are the prime factors of m(w)?
2, 3
Let o = -143 + 143. Suppose o = -70*m + 69*m + 378. List the prime factors of m.
2, 3, 7
What are the prime factors of (-56)/(-9) + 114/(-19) + 298776/27?
2, 11, 503
Let i = -121 + 114. Let v(x) = 23*x**2 + 9*x + 5. What are the prime factors of v(i)?
1069
Let v be (-2)/(-4) + (-843)/(-2) - -5. Suppose -4*i + 2308 = 4*f, 0 = -2*f - 3*i + v + 722. What are the prime factors of f?
2, 3, 97
Suppose 1650*t = 1646*t + 1772. What are the prime factors of t?
443
Let y = -209 + 236. Suppose -25*d = -y*d + 862. What are the prime factors of d?
431
Let k(c) = 143*c - 16. Let y be k(6). Let w = -392 + y. What are the prime factors of w?
2, 3, 5
List the prime factors of 11*10*(-36393)/(-70).
3, 11, 1733
Let m be (42/(-21))/(-2 + 9/6). Suppose -m*s - 603 = -c - 8*s, -s - 1 = 0. List the prime factors of c.
607
Suppose -2*z - 43 = -27. Let h(i) = -18*i**2 - 11*i - 6. Let q be h(z). What are the prime factors of q/(-20) + (-2)/4?
53
Suppose 2*f + 4 = 2*r - 20, r + 2*f = 0. List the prime factors of (-3)/r - (-12369)/24.
5, 103
Let z be (-2)/11 + (-315)/(-99). Suppose z*u = 4*c - 42, -5*c + 4*u + 52 = -0*u. List the prime factors of -123*(c/(-3))/12.
41
Let l(f) = -f**3 + 9*f**2 - 8*f + 1. Let p be -1 - (4 - 26/6)*27. Let n be l(p). What are the prime factors of -2 + (0 - n) - (-19 - 12)?
2, 7
Suppose -142*m + 133284 = -270*m + 140*m. What are the prime factors of m?
29, 383
Let t(n) = n**3 - 29*n**2 + 2*n - 55. Let z be t(29). List the prime factors of (z/3)/(3/1263).
421
Let m be 25/(-3)*-5 - 10/15. Suppose -m*n + 25804 = -19747. List the prime factors of n.
11, 101
Suppose 5*w + k + 4 = 0, -2*w = -5*w + 4*k + 16. Suppose 3*d + d = w. Suppose -7*a - 5*a + 144 = d. What are the prime factors of a?
2, 3
Let h(u) = -2*u - 22. Let a be h(-7). Let w(b) = -6 + b - 5*b + b**2 + 4*b + b. What are the prime factors of w(a)?
2, 5
Let i(g) = -g**3 + 109*g**2 - 23*g + 363. What are the prime factors of i(108)?
3, 3181
Suppose 27 = 5*p + 7, v + 9 = 3*p. Suppose 4*h - 360 = n, -5*n = h - v*n - 81. Let u = 178 - h. List the prime factors of u.
89
Let k(l) be the second derivative of l**4/6 - 7*l**3/3 - 2*l**2 + 20*l. Let h be k(6). Let x = 60 - h. List the prime factors of x.
2, 19
Let d = -341 + 1082. Suppose 2*j - 2955 = -4*m + j, -m - j = -d. What are the prime factors of m?
2, 3, 41
Suppose 27354 = 4*r + f, -784*f = -779*f + 30. List the prime factors of r.
2, 3, 5, 19
Let f(j) = 2*j**3 + 29*j**2 + 11*j - 39. Let l be f(-14). Suppose 3*a = -10 - 2, 4*r - l*a = 1756. What are the prime factors of r?
2, 109
Let d(h) be the third derivative of -h**5/60 - 2*h**4/3 - h**3 + 10*h**2. Let v be d(-16). Let q = v + 17. List the prime factors of q.
11
Let r = 17824 + -7505. What are the prime factors of r?
17, 607
Let t = -5190 - -15840. What are the prime factors of t?
2, 3, 5, 71
Suppose 4*p + 2*t - 59984 = 72764, 0 = -3*t. List the prime factors of p.
7, 11, 431
Let s = -12734 - -21741. List the prime factors of s.
9007
Suppose -v - 23 = -5*p, 0 = 5*v - 6 - 4. List the prime factors of 2838/p + (-22)/(-55) + -4.
2, 3, 47
Let c be 2*(0 - -2) + (-41 - -191). Let j = c + 247. List the prime factors of j.
401
Let t(r) = 112*r**2 + 10*r + 22. Let x be t(-5). Suppose 11*s - 4*s - x = 0. List the prime factors of s.
2, 3, 11
Let r(p) = 2*p**2 + 4*p - 1. Let m be r(-2). Let j(n) = -255*n**3 + n**2 - n - 1. List the prime factors of j(m).
2
Let x be 16/6*861/14. Suppose -5*k = -x - 906. What are the prime factors of k?
2, 107
Let d(r) = -r**3 + 21*r**2 + r - 20. Let b be d(21). Let y be (-8 + 207/27)/(b/6). Let v(x) = -139*x - 17. What are the prime factors of v(y)?
3, 29
Let q = -2155 - -4808. Suppose -4*w - 4*h = -2643 - q, -3957 = -3*w + 2*h. What are the prime factors of w?
1321
What are the prime factors of ((-2)/8 + 102965/(-12))*(441 - 444)?
2, 61, 211
Let o = 89601 + -48218. What are the prime factors of o?
29, 1427
Suppose z + 100 - 28 = 4*v, -3*v + 54 = 5*z. Let w = v - 16. Suppose -4*q = -4, -w*i + 25 = q + 2*q. List the prime factors of i.
11
Let m = 28116 + -16346. What are the prime factors of m?
2, 5, 11, 107
Let x(n) = n**3 + 9*n**2 - n - 10. Let c = -45 - -47. Suppose c*y + 4*y + 48 = 0. What are the prime factors of x(y)?
2, 31
Let g = 31682 + 30005. What are the prime factors of g?
61687
Let k = 19 - 18. Suppose -3*g + 3 = -4*b + 1, k = -g + 3*b. Suppose g*f + f = o - 107, 3*o - 3*f = 345. List the prime factors of o.
7, 17
Let x = 93 - -90. Suppose -2*g + 4*d = -212, -g - 3*d - 62 = -x. Let r = g + -69. What are the prime factors of r?
43
Let n(f) = -7*f - 54. Let t be n(-8). Suppose 0*a = -3*k - 5*a + 5046, -t*k - 5*a = -3359. List the prime factors of k.
7, 241
Let c(j) = j**2 - 7*j + 33. Let f = 52 - 54. Let h be f + 4 + 0 + 12/2. What are the prime factors of c(h)?
41
Let o(h) = -2*h**3 + 5*h + 45705. List the prime factors of o(0).
3, 5, 11, 277
Let w(g) = -17*g**3 - 7*g**2 - 17*g - 331. List the prime factors of w(-9).
2, 7, 13
Let c = 260 - -743. Suppose 5*d = -11*l + 10*l + 1011, -3*l = 5*d - c. What are the prime factors of d?
7, 29
Let i(k) = -223*k - 5241. What are the prime factors of i(-40)?
13, 283
Suppose -20 = -2*y + n, 39 = 5*y - 0*n + 3*n. Let b be -3 + 1 + -2 + -38. What are the prime factors of (56/b)/((-4)/y)?
3
Let w(u) = 18*u**2 + 438*u - 326. What are the prime factors of w(42)?
2, 29, 859
What are the prime factors of ((-8)/12)/((-8)/(-84)) + 4738?
3, 19, 83
Let k(t) = -7*t + 35*t**2 - 54*t**2 + 29*t**2 - 32 + 16*t. What are the prime factors of k(